he highest common factor of 144 and 148740.
12
What is the highest common factor of 1432 and 59607?
179
What is the greatest common divisor of 59 and 386?
1
What is the highest common factor of 51195 and 15?
15
What is the greatest common divisor of 1542 and 80698?
514
Calculate the greatest common divisor of 30927 and 3211.
169
Calculate the highest common factor of 87984 and 29952.
1872
What is the highest common factor of 120 and 2301720?
120
Calculate the highest common factor of 310699 and 89.
89
Calculate the highest common divisor of 1032 and 833082.
258
What is the greatest common factor of 178 and 302?
2
Calculate the highest common divisor of 2728 and 112871.
341
Calculate the highest common divisor of 18120 and 384.
24
Calculate the greatest common factor of 2089503 and 39.
39
Calculate the highest common factor of 500577 and 63.
21
Calculate the greatest common factor of 18 and 5178.
6
Calculate the highest common divisor of 39102 and 912.
114
What is the highest common factor of 296 and 41884?
148
What is the greatest common factor of 263506 and 3590?
718
Calculate the highest common factor of 30 and 5645.
5
Calculate the greatest common factor of 190 and 9560.
10
Calculate the highest common divisor of 3374 and 154.
14
Calculate the highest common factor of 579 and 2202.
3
What is the highest common divisor of 12204 and 48?
12
Calculate the greatest common factor of 21114 and 4301.
391
Calculate the highest common divisor of 2403 and 148363.
89
What is the greatest common divisor of 408 and 51816?
408
Calculate the greatest common factor of 2250 and 19875.
375
Calculate the greatest common factor of 252 and 266308.
28
Calculate the greatest common divisor of 438477 and 65.
13
Calculate the highest common divisor of 5649108 and 48.
12
What is the greatest common factor of 882 and 74?
2
Calculate the highest common factor of 17444 and 5696.
356
What is the highest common factor of 3724 and 20972?
196
What is the highest common divisor of 2299 and 501809?
209
What is the greatest common factor of 3276316 and 1784?
892
What is the highest common factor of 21 and 1141623?
21
Calculate the highest common factor of 1051 and 22.
1
Calculate the highest common divisor of 5958 and 10134.
18
Calculate the highest common factor of 7308 and 9618.
42
What is the greatest common factor of 5112 and 18432?
72
What is the highest common factor of 19 and 802199?
19
Calculate the highest common factor of 2597 and 4067.
49
Calculate the greatest common factor of 1824 and 38988.
228
Calculate the greatest common divisor of 2127168 and 24.
24
Calculate the highest common divisor of 835 and 6994795.
835
What is the highest common factor of 33130 and 130?
10
Calculate the highest common factor of 18277 and 5047.
49
Calculate the highest common divisor of 81 and 39.
3
What is the highest common divisor of 141 and 1576051?
47
What is the highest common divisor of 443055 and 15?
15
What is the greatest common factor of 55896 and 8?
8
Calculate the greatest common factor of 737 and 3953.
67
Calculate the greatest common divisor of 62448 and 24.
24
What is the greatest common divisor of 3990 and 254030?
1330
What is the greatest common factor of 18940 and 25?
5
Calculate the greatest common factor of 215520 and 17511.
1347
Calculate the greatest common divisor of 140 and 400.
20
What is the highest common factor of 98539 and 1225?
49
What is the highest common divisor of 2403360 and 288?
288
Calculate the highest common divisor of 420 and 288295.
35
What is the greatest common divisor of 4 and 2311924?
4
What is the highest common factor of 6977236 and 28?
28
What is the highest common factor of 96521 and 2936?
367
What is the highest common factor of 72 and 358792?
8
Calculate the highest common divisor of 826846 and 8204.
586
Calculate the highest common factor of 278 and 360427.
139
Calculate the greatest common divisor of 312 and 389688.
312
What is the greatest common factor of 312 and 47076?
12
What is the highest common factor of 36 and 18999?
9
What is the greatest common divisor of 600 and 9240?
120
Calculate the greatest common factor of 657013 and 2632.
329
Calculate the greatest common divisor of 338 and 23998.
338
What is the highest common divisor of 6 and 592743?
3
What is the greatest common factor of 2098691 and 188?
47
What is the greatest common factor of 42807 and 171?
57
What is the highest common divisor of 756 and 116613?
189
What is the greatest common divisor of 60 and 28230?
30
Calculate the highest common factor of 40 and 28376.
8
Calculate the greatest common divisor of 678 and 53223.
339
What is the highest common divisor of 168 and 3440598?
42
Calculate the highest common divisor of 98274 and 66.
66
Calculate the highest common divisor of 2308872 and 1224.
408
What is the greatest common factor of 567 and 180054?
63
Calculate the highest common divisor of 1405239 and 291.
291
What is the highest common divisor of 1772664 and 18?
6
What is the greatest common factor of 26793 and 3978?
117
Calculate the highest common factor of 9722 and 14.
2
What is the highest common factor of 4858489 and 599?
599
Calculate the highest common factor of 2666 and 17639.
31
Calculate the highest common factor of 531536 and 3892.
556
Calculate the highest common factor of 159 and 253923.
159
Calculate the highest common divisor of 2528 and 15010.
158
What is the highest common factor of 2736 and 1691076?
228
Calculate the greatest common factor of 39166 and 8.
2
Calculate the greatest common factor of 224 and 896.
224
Calculate the highest common factor of 15065 and 805.
115
What is the highest common divisor of 944391 and 21?
21
Calculate the greatest common divisor of 42657 and 1928.
241
What is the greatest common divisor of 16 and 49088?
16
What is the highest common factor of 8215 and 9145?
155
Calculate the highest common factor of 512 and 24416.
32
Calculate the highest common factor of 7215 and 1605.
15
What is the greatest common divisor of 15229 and 16799?
157
Calculate the highest common factor of 34749 and 143.
143
Calculate the highest common factor of 1440 and 240840.
360
Calculate the highest common divisor of 6228 and 126.
18
What is the highest common factor of 1535737 and 287?
287
Calculate the greatest common factor of 61299 and 10269.
63
Calculate the greatest common factor of 25938 and 3498.
66
Calculate the greatest common divisor of 2260 and 4972.
452
What is the greatest common divisor of 4535 and 550549?
907
What is the greatest common divisor of 88 and 36377?
11
Calculate the greatest common divisor of 153 and 1734170.
17
What is the greatest common factor of 84304 and 32?
16
What is the highest common divisor of 809321 and 4456?
557
Calculate the highest common divisor of 1820 and 11060.
140
What is the greatest common divisor of 9564 and 20?
4
What is the highest common divisor of 291931 and 353?
353
Calculate the highest common divisor of 32050 and 175.
25
What is the highest common factor of 14314 and 87147?
421
Calculate the greatest common divisor of 837 and 20708.
31
Calculate the greatest common divisor of 392 and 5235160.
392
Calculate the highest common divisor of 1112664 and 48.
24
What is the highest common factor of 374740 and 457?
457
What is the highest common factor of 199023 and 74?
37
What is the highest common divisor of 19034 and 2666?
62
What is the highest common divisor of 170 and 3808?
34
What is the greatest common divisor of 8829 and 19293?
327
What is the greatest common factor of 9215 and 817?
19
Calculate the greatest common divisor of 5 and 840620.
5
What is the highest common factor of 627 and 351405?
57
What is the highest common divisor of 24 and 65736?
24
Calculate the highest common factor of 99680 and 140000.
1120
What is the highest common factor of 992 and 6634?
62
Calculate the greatest common factor of 4623 and 1587.
69
What is the greatest common divisor of 8811 and 297?
99
Calculate the highest common factor of 113348 and 43.
43
Calculate the highest common factor of 451 and 207636.
11
What is the highest common factor of 73120 and 640?
160
Calculate the highest common divisor of 1703358 and 2422.
346
What is the highest common divisor of 231 and 18788?
77
Calculate the highest 